s 248 divide 95422?
False
Is 12 a factor of 2717108?
False
Is 78623 a multiple of 78?
False
Is 589812 a multiple of 6?
True
Is 594 a factor of 164127?
False
Does 4 divide 6628?
True
Does 41 divide 7421116?
False
Is 55238 a multiple of 10?
False
Is 1547458 a multiple of 49?
False
Does 19 divide 295325?
False
Is 132 a factor of 5244?
False
Is 7 a factor of 94227?
True
Is 215 a factor of 572777?
False
Does 95 divide 2876290?
False
Does 44 divide 78917?
False
Is 1508 a factor of 1817140?
True
Is 49 a factor of 558612?
False
Is 330 a factor of 176880?
True
Is 13786 a multiple of 61?
True
Does 5 divide 170773?
False
Is 28308 a multiple of 337?
True
Is 85 a factor of 1144780?
True
Is 861412 a multiple of 79?
False
Is 226716 a multiple of 84?
True
Does 104 divide 716040?
True
Does 40 divide 7465?
False
Is 44 a factor of 23797?
False
Does 1322 divide 2150894?
True
Is 3 a factor of 83850?
True
Does 52 divide 3848?
True
Is 83889 a multiple of 351?
True
Does 546 divide 1193556?
True
Is 6 a factor of 8755098?
True
Is 52 a factor of 23660?
True
Is 373724 a multiple of 48?
False
Does 13 divide 18555056?
True
Is 94619 a multiple of 35?
False
Does 374 divide 1102178?
True
Is 37 a factor of 530616?
False
Does 30 divide 34775?
False
Is 52704 a multiple of 36?
True
Is 22 a factor of 365679?
False
Does 599 divide 4388873?
True
Is 3 a factor of 187572?
True
Is 258 a factor of 1003678?
False
Is 242 a factor of 142670?
False
Is 8442954 a multiple of 342?
True
Is 496812 a multiple of 114?
True
Is 364 a factor of 5909540?
True
Is 475923 a multiple of 275?
False
Is 64 a factor of 617343?
False
Is 100400 a multiple of 30?
False
Is 15 a factor of 2365230?
True
Does 112 divide 120176?
True
Does 212 divide 501485?
False
Does 545 divide 10106480?
True
Does 56 divide 8869560?
True
Does 43 divide 1359574?
True
Is 170 a factor of 2897390?
False
Is 3209626 a multiple of 40?
False
Is 50288 a multiple of 28?
True
Does 23 divide 165782?
False
Is 341124 a multiple of 62?
True
Is 167295 a multiple of 202?
False
Is 194481 a multiple of 246?
False
Is 369 a factor of 700842?
False
Is 91 a factor of 343252?
True
Does 21 divide 3425457?
True
Is 18 a factor of 105210?
True
Is 2 a factor of 932050?
True
Is 4978250 a multiple of 50?
True
Is 67 a factor of 509521?
False
Does 106 divide 415414?
True
Is 7 a factor of 3698996?
True
Is 3594031 a multiple of 28?
False
Does 86 divide 5623712?
True
Is 21 a factor of 152313?
True
Is 245 a factor of 318821?
False
Is 50 a factor of 12066?
False
Is 103 a factor of 17779013?
False
Does 153 divide 77843?
False
Does 2 divide 142568?
True
Is 226 a factor of 156030?
False
Is 6 a factor of 1206766?
False
Is 28 a factor of 193928?
True
Is 135525 a multiple of 75?
True
Does 19 divide 2983092?
False
Is 66 a factor of 344752?
False
Does 838 divide 19982948?
True
Does 137 divide 1035035?
True
Does 265 divide 16083910?
True
Does 3 divide 17513?
False
Is 784160 a multiple of 66?
False
Is 662371 a multiple of 17?
True
Is 65097 a multiple of 2?
False
Is 212 a factor of 2815506?
False
Is 1770219 a multiple of 425?
False
Is 39 a factor of 168473?
False
Does 9 divide 1845?
True
Does 96 divide 2274432?
True
Does 21 divide 168945?
True
Does 416 divide 211744?
True
Is 108 a factor of 371712?
False
Is 86 a factor of 37938?
False
Is 122 a factor of 208742?
True
Is 560943 a multiple of 37?
False
Is 171 a factor of 2735026?
False
Is 175 a factor of 165025?
True
Is 8 a factor of 33126?
False
Does 156 divide 134073?
False
Does 4 divide 109646?
False
Is 657488 a multiple of 104?
True
Is 15339427 a multiple of 49?
False
Is 1405197 a multiple of 43?
True
Is 850176 a multiple of 328?
True
Does 341 divide 37081?
False
Is 2310473 a multiple of 220?
False
Does 11 divide 1060493?
False
Is 192 a factor of 3320458?
False
Is 40 a factor of 23841592?
False
Is 67 a factor of 440356?
False
Is 26 a factor of 31486?
True
Is 130050 a multiple of 18?
True
Is 745 a factor of 683910?
True
Is 16 a factor of 4815196?
False
Is 318 a factor of 1230126?
False
Does 22 divide 105644?
True
Does 465 divide 1232212?
False
Does 3 divide 27864?
True
Is 11 a factor of 8052?
True
Does 528 divide 5484336?
True
Does 4 divide 184617?
False
Is 6 a factor of 4880430?
True
Is 414 a factor of 1080572?
False
Does 10 divide 120420?
True
Is 53 a factor of 179370?
False
Is 33 a factor of 1541298?
True
Is 11 a factor of 4840485?
False
Is 14713330 a multiple of 16?
False
Does 38 divide 2036610?
True
Is 2227419 even?
False
Is 3035696 a multiple of 674?
True
Is 38129 a multiple of 13?
True
Is 1018413 a multiple of 81?
True
Is 73 a factor of 2843934?
True
Does 42 divide 86352?
True
Is 408392 a multiple of 7?
False
Is 272105 a multiple of 44?
False
Is 271 a factor of 561512?
True
Does 29 divide 1589606?
True
Does 15 divide 8990?
False
Is 919 a factor of 4125391?
True
Is 63 a factor of 5508027?
True
Does 109 divide 117344?
False
Is 188 a factor of 4020944?
True
Is 1870973 a multiple of 245?
False
Is 7814140 a multiple of 64?
False
Does 33 divide 357984?
True
Does 112 divide 620441?
False
Is 495940 a multiple of 4?
True
Is 27 a factor of 2989508?
False
Does 118 divide 3406188?
True
Is 136675 a multiple of 175?
True
Is 17340 a multiple of 10?
True
Does 159 divide 76797?
True
Is 246 a factor of 4246206?
True
Is 30 a factor of 11505?
False
Does 11 divide 443323?
False
Is 93440 a multiple of 73?
True
Is 97237 a multiple of 22?
False
Is 488927 a multiple of 43?
False
Does 90 divide 1399271?
False
Does 49 divide 1971304?
False
Is 206726 a multiple of 83?
False
Does 19 divide 3101707?
False
Is 10 a factor of 190390?
True
Is 4 a factor of 101626?
False
Is 179 a factor of 40519?
False
Is 1222 a factor of 1641146?
True
Is 18 a factor of 504?
True
Is 256 a factor of 38242?
False
Is 465120 a multiple of 1020?
True
Is 9735 a multiple of 5?
True
Is 19 a factor of 6417592?
True
Is 10968358 a multiple of 33?
False
Is 31671 a multiple of 459?
True
Is 619002 a multiple of 27?
True
Is 95090 a multiple of 100?
False
Is 176070 a multiple of 97?
False
Does 11 divide 12731950?
True
Does 357 divide 16712955?
True
Is 43174 a multiple of 5?
False
Is 10807086 a multiple of 62?
False
Is 224644 a multiple of 452?
True
Does 913 divide 774135?
False
Is 44171 a multiple of 32?
False
Does 10 divide 269556?
False
Does 20 divide 212520?
True
Does 11 divide 2730193?
False
Is 410 a factor of 205295?
False
Does 5 divide 684848?
False
Does 11 divide 27937?
False
Does 30 divide 125040?
True
Does 2026 divide 37574196?
True
Is 27737 a multiple of 360?
False
Does 15 divide 1055711?
False
Is 204240 a multiple of 40?
True
Is 321 a factor of 589724?
False
Is 20 a factor of 507465?
False
Is 10 a factor of 377910?
True
Is 174 a factor of 8971682?
False
Is 436941 a multiple of 211?
False
Is 1064720 a multiple of 10?
True
Is 1578216 a multiple of 12?
True
Does 29 divide 45124?
True
Is 565235 a multiple of 73?
False
Is 35 a factor of 4098080?
True
Is 36146 a multiple of 13?
False
Is 5182528 a multiple of 13?
True
Is 1409149 a multiple of 194?
False
Is 44 a factor of 1362043?
False
Does 204 divide 991696?
False
Is 852390 a multiple of 378?
True
Is 950412 a multiple of 12?
True
Is 51 a factor of 1858338?
True
Does 408 divide 6528509?
False
Is 191631 a multiple of 11?
True
Does 8 divide 15037720?
True
Is 108 a factor of 826830?
False
Is 2751 a multiple of 3?
True
Is 455723 a multiple of 205?
False
Is 723006 a multiple of 9?
True
Is 21 a factor of 392406?
True
Is 2296062 a multiple of 3?
True
Is 238937 a multiple of 210?
False
Is 146304 a multiple of 18?
True
Is 2382380 a multiple of 20?
True
Does 21 divide 4766726?
False
Does 189 divide 160195?
False
Does 589 divide 40052?
True
Is 216 a factor of 12720?
False
Is 3414177 a multiple of 9?
True
Does 20 divide 16700?
True
Is 10188200 a multiple of 484?
True
Does 6 divide 496930?
False
Is 85250 a multiple of 310?
True
Is 101968 a multiple of 366?
False
Is 13 a factor of 93233?
False
Does 12 divide 941304?
True
Is 14217 a multiple of 5?
False
Is 3122034 a multiple of 579?
False
Does 9 divide 61398?
True
Is 5170174 a multiple of 20?
False
Is 404700 a multiple of 380?
True
Does 138 divide 255300?
True
Is 156 a factor of 96720?
True
Does 623 divide 23944382?
True
Is 402388 a multiple of 24?
False
Is 1966425 a multiple of 513?
False
Is 146